570)/76 + 2/4. Let u(n) = -n**3 - 7*n**2 - 5*n - 4. Calculate the remainder when u(q) is divided by (2/3)/(2/24).
7
Let y = -17 + 22. Suppose 2*x + d - 50 = -12, -y*x + d + 109 = 0. Let s = 280 + -156. Calculate the remainder when s is divided by x.
19
Let j = 12114 + -6776. Calculate the remainder when j is divided by 30.
28
Let d(k) = 1006*k + 1031. What is the remainder when d(3) is divided by 150?
149
Calculate the remainder when (-2584)/(-10) + ((-256)/40 - -7) is divided by 3.
1
Let o(y) = 2*y - 17. Let f(n) = 3*n - 35. Let u(w) = -6*f(w) + 10*o(w). What is the remainder when 688 is divided by u(-5)?
28
Let g(c) = -4*c. Let f = -1157 - -2962. Suppose 20*v - v = f. Calculate the remainder when v is divided by g(-6).
23
Let m(d) = d**3 + 32*d**2 - 70*d - 49. Let x = 563 - 452. What is the remainder when x is divided by m(-34)?
16
Let n = -10165 - -10309. What is the remainder when 210 is divided by n?
66
Suppose 50*w = 46*w - u + 769, -4*u - 55 = -11. Let j(z) = z**3 + z**2 + z + 2. What is the remainder when w is divided by j(3)?
31
Let z(r) = 4*r**2 + 10*r + 7. Let l be z(-6). Let f = 13 + l. Suppose 131*g - 1830 = 9*g. Calculate the remainder when f is divided by g.
14
Suppose 5*k + 16*c - 1451 = 43*c, 4*k - 3*c - 1105 = 0. Calculate the remainder when 1621 is divided by k.
251
Suppose -x - 9*x = -1750. Let j = x - 146. Suppose m = 3*o - 64, -3*o - 3*m + j + 19 = 0. What is the remainder when o is divided by 7?
6
Let l = -175 - -127. Calculate the remainder when 203 is divided by 34 + l/6 - -4.
23
Let l be ((-2 + -10)*4/6)/(-2). Suppose 6*a + 12 = g + a, -l*g - 5*a + 148 = 0. Let o = -7 + g. What is the remainder when 147 is divided by o?
22
Let h = -1323 + 1348. Suppose 143 = 2*n - 5*u - 88, 0 = -2*u - 10. Suppose -4*p + n = 3*k + h, -p = -4*k - 10. Calculate the remainder when p is divided by 14.
4
Let v = -508 - -349. Let w = v + 180. Calculate the remainder when 79 is divided by w.
16
Let v = 16609 + -16548. Suppose 88 = 3*u - u. Calculate the remainder when v is divided by u.
17
Let t be 3*(-20)/15 - 3. Let v(y) = 2*y + 15. Let l be v(t). Calculate the remainder when 20 is divided by 0 + l - (-90)/9.
9
Let x = -184 - -187. Suppose 0 = 3*w - 3 - x, 176 = 2*v - 2*w. Calculate the remainder when v is divided by 31.
28
Let n = -28 + 380. Suppose n = -12*t + 34*t. What is the remainder when 79 is divided by t?
15
Let g = 21 - 11. Let l(d) = -2*d + 16. Let y be l(6). Suppose f - 4*f = 5*p - 222, y*f - p = 319. Calculate the remainder when f is divided by g.
9
Let z = 743 - 509. Let x = z - 220. Calculate the remainder when 124 is divided by x.
12
Let s be (-4)/((-14)/7) - -2. Suppose 83 = z - 2*y, -z + 4*y = -s*z + 289. What is the remainder when z is divided by 8?
3
Let m(x) = -x**2 + 8*x + 9. Let j be m(7). Let s = -12 + j. Let w = 11 - s. Calculate the remainder when 12 is divided by w.
5
Suppose 26*s - 7*s = 4256. Calculate the remainder when s is divided by 212.
12
Let m(u) = 33*u + 216. What is the remainder when 5074 is divided by m(-6)?
16
Suppose 32*u - 134 = 570. What is the remainder when 3161 is divided by u?
15
Suppose 88*g + 63*g = 67*g + 3192. Calculate the remainder when 103 is divided by g.
27
Suppose 6*p - 295 = p. Suppose -2196*k + 2428*k - 5228 - 5316 - 1752 = 0. Calculate the remainder when p is divided by k.
6
Suppose -193*i + 19835 = -182*i - 11251. What is the remainder when i is divided by 11?
10
Suppose -m = 0, 4*x - m + 5*m = 1420. Suppose -11*y - 91 = -x. Calculate the remainder when y is divided by 12.
0
Let f be 4*-12 + 0/(-3). Let k = f + 44. Calculate the remainder when 204 is divided by 2 + 21/k*(1 + -5).
20
Let m(p) = 4*p - 29. Suppose 4*x - 1 = -t, -7 = 2*x - 3*x + 2*t. Let q(f) = 12*f**2 + 2*f + 1. Let j be q(x). What is the remainder when 88 is divided by m(j)?
26
Suppose x = 4*x - 81. Let h = x - -16. Let q(o) = o**3 + 11*o**2 + 11*o + 144. What is the remainder when h is divided by q(-11)?
20
Suppose 3712 = 5*u - 4*i, 2*u - 5*i = -2*i + 1482. What is the remainder when u is divided by 9?
6
Let g(d) = 11*d - 32. Let k(l) = -22*l + 64. Let u(t) = 13*g(t) + 6*k(t). Let x = -5 + 11. What is the remainder when u(x) is divided by 12?
10
Suppose 5*p - 101 = -56. Suppose -5*i = 10, 5*i = -l + 2 + 5. What is the remainder when (2/4)/(p/1062) is divided by l?
8
Suppose -68 - 7 = -25*k. Suppose 15*s + k = 18*s, s - 99 = -w. What is the remainder when w is divided by 33?
32
Let x(o) = -14*o + 1506. Calculate the remainder when x(13) is divided by 43.
34
Suppose 83*v + 41*v - 203392 = -54716. Calculate the remainder when v is divided by 7.
2
Suppose -4*k + 1270 = -902. Let t = 902 - k. Calculate the remainder when t is divided by 24.
23
Let a be (42/(-10))/(-7)*90. Suppose a = 4*c - 5*q, -c = -q - 18 + 5. Calculate the remainder when 16 is divided by c.
5
Suppose o = -4*p - 426, -3*o - 6*p + 2*p - 1286 = 0. Let s = -393 - o. Calculate the remainder when 138 is divided by s.
27
Let t = 67 + -36. Let c = 33994 + -33982. What is the remainder when t is divided by c?
7
Suppose -2 = 18*z - 16*z. Let q be ((-3)/z)/((-10)/(-50)). What is the remainder when (48/q - -2)/((-1)/(-5)) is divided by 15?
11
Let o = -4 + 25. Let g(u) = 15*u - 5. Let m be g(-16). Let r = -164 - m. Calculate the remainder when r is divided by o.
18
Let k(o) = o**3 + 39*o**2 + 48*o - 87. What is the remainder when k(-36) is divided by 12?
9
Let d(g) = 39 + 13 - 13 + 15 - 16*g + g**2. Calculate the remainder when 266 is divided by d(15).
32
Let g(c) = 2*c**2 + 29*c - 28. Let v be g(1). Suppose 0 = v*y + 2*w - 107, y - 6*w + 3*w = 32. Calculate the remainder when y is divided by 4.
3
Suppose -2*l = 8*i - 4298, -4*i - 1692 - 417 = -l. What is the remainder when l is divided by 11?
6
Suppose 0 = 11*g - 15*g + 44. Suppose -3*n = -2*q - 170, -4*q = 30*n - 32*n + 124. What is the remainder when n is divided by g?
10
Let s = 26 + -17. Suppose 5*o - 3*h + 10 = 0, -5*o + h - 3 = -3*o. Let u(n) = 33*n - 1. What is the remainder when u(o) is divided by s?
5
Suppose 0 = 3*y - 224254 + 224152. What is the remainder when (-61)/(1 + (-6)/5) is divided by y?
33
Let v(f) = -7*f - 2. Let s = 7912 + -7871. What is the remainder when s is divided by v(-3)?
3
Let x(f) = -f**3 + 14*f**2 - 11*f - 22. Let t be x(13). Suppose 5*g + 4*y = -0*y + 2386, t*g - y - 1913 = 0. Calculate the remainder when g is divided by 30.
28
Suppose 3 = 3*h - 4*w, 3*w - 26 = -4*h + w. Suppose -s - n = s - h, -3*n = 2*s - 7. Suppose 22 = s*g - 72. Calculate the remainder when g is divided by 8.
7
Let c(v) = -v + 13. Let t = -71057 - -71159. Calculate the remainder when t is divided by c(0).
11
Let j = 99 - 101. Let g be (-4)/12 - (j - (-2)/(-6)). Calculate the remainder when g/(10/1) - (-2970)/25 is divided by 62.
57
Suppose 5*f = 3*v - 5939, -56*f = 3*v - 55*f - 5969. Calculate the remainder when v is divided by 83.
79
Let a = 48 - 43. Suppose -5 = -6*w + a*w. Suppose 5*d + 10 = -0, 0 = w*i + 3*d - 334. What is the remainder when i is divided by 14?
12
What is the remainder when (1 - (9 - (-620)/(-70)))*497 is divided by 33?
30
Suppose -80*y + 7872 + 75 = 1227. Calculate the remainder when 823 is divided by y.
67
Suppose -21 = -2*u - 87. Let q = u - -81. Suppose 4*f + 19 = 119. What is the remainder when q is divided by f?
23
Suppose 0 = 3*o + o - 36. Calculate the remainder when -18*(1197/(-42) + 27) is divided by o.
0
Suppose 56 = 3*b + 2. Calculate the remainder when ((-2893)/789)/(55/(-1740)) is divided by b.
8
Suppose -219 = -20*x - 19. Suppose -4*r - 5*t + 61 = 0, -2*r + 4*t = -7*r + 83. What is the remainder when r is divided by x?
9
Let r be 2*(191/4)/(7/(-28)). Let k = 427 + r. What is the remainder when k is divided by 5/(25/(-6))*-10?
9
Let p(u) = 2*u**2 + 5*u - 4. Let b(j) = 31*j**2 - 96*j + 3 + 187*j - 85*j. Calculate the remainder when b(2) is divided by p(4).
43
Let j(w) = -68*w - 2240. What is the remainder when 2657 is divided by j(-35)?
137
Suppose -2876 = -7*t - 42 - 377. Calculate the remainder when t is divided by 135.
81
Suppose 97 = -3*f + 2*g, -11*f + 12*f - g + 33 = 0. Let y = f - -46. Calculate the remainder when y is divided by 4.
3
Let v(y) be the second derivative of 4*y**3 + y**2 - 35*y. Let j be v(7). Suppose 5*g + 0*g - j = 0. Calculate the remainder when 